{"id":54749,"date":"2021-02-04T15:56:06","date_gmt":"2021-02-04T14:56:08","guid":{"rendered":"https:\/\/shop.theophile-patachou.com\/?post_type=product&#038;p=54749"},"modified":"2023-02-21T20:12:23","modified_gmt":"2023-02-21T19:12:23","slug":"rieten-reiswieg-en-aankleding-met-franje","status":"publish","type":"product","link":"https:\/\/shop.theophile-patachou.com\/nl\/product\/rieten-reiswieg-en-aankleding-met-franje\/","title":{"rendered":"Rieten Reiswieg en aankleding met franje"},"content":{"rendered":"","protected":false},"excerpt":{"rendered":"<p class=\"p1\"><span class=\"s1\">Rieten Reiswieg met aankleding gewafeld natuurlijke kleur franje<i>, <\/i><\/span><span class=\"s1\"><i>matras inbegrepen<\/i> (Voetenzak en\u00a0hoeslaken niet inbegrepen)<\/span><\/p>\n<p>Dimension : 30 cm x 75 cm x 25 cm<\/p>\n","protected":false},"featured_media":54745,"template":"","meta":[],"product_brand":[],"product_cat":[1282,1220,442,1378,460,464],"product_tag":[480],"class_list":{"0":"post-54749","1":"product","2":"type-product","3":"status-publish","4":"has-post-thumbnail","6":"product_cat-rieten-reiswieg","7":"product_cat-meubilair-nl","8":"product_cat-collectie-voor-kinderkamer","9":"product_cat-safari-nl","10":"product_cat-producten","11":"product_cat-deco-kamer","12":"product_tag-beddengoed","14":"first","15":"instock","16":"taxable","17":"shipping-taxable","18":"purchasable","19":"product-type-simple"},"yoast_head":"<!-- This site is optimized with the Yoast SEO plugin v26.9 - https:\/\/yoast.com\/product\/yoast-seo-wordpress\/ -->\n<title>Rieten Reiswieg en aankleding met franje - Th\u00e9ophile et Patachou<\/title>\n<meta name=\"robots\" content=\"index, follow, max-snippet:-1, max-image-preview:large, max-video-preview:-1\" \/>\n<link rel=\"canonical\" href=\"https:\/\/shop.theophile-patachou.com\/nl\/product\/rieten-reiswieg-en-aankleding-met-franje\/\" \/>\n<meta property=\"og:locale\" content=\"nl_NL\" \/>\n<meta property=\"og:type\" content=\"article\" \/>\n<meta property=\"og:title\" content=\"Rieten Reiswieg en aankleding met franje - Th\u00e9ophile et Patachou\" \/>\n<meta property=\"og:description\" content=\"Rieten Reiswieg met aankleding gewafeld natuurlijke kleur franje, matras inbegrepen (Voetenzak en\u00a0hoeslaken niet inbegrepen) Dimension : 30 cm x 75 cm x 25 cm\" \/>\n<meta property=\"og:url\" content=\"https:\/\/shop.theophile-patachou.com\/nl\/product\/rieten-reiswieg-en-aankleding-met-franje\/\" \/>\n<meta property=\"og:site_name\" content=\"Th\u00e9ophile et Patachou\" \/>\n<meta property=\"article:publisher\" content=\"https:\/\/www.facebook.com\/Th%c3%a9ophile-Patachou-197829346970085\/\" \/>\n<meta property=\"article:modified_time\" content=\"2023-02-21T19:12:23+00:00\" \/>\n<meta property=\"og:image\" content=\"https:\/\/shop.theophile-patachou.com\/wp-content\/uploads\/2021\/02\/couffin_bebe_elegant_blanc_6-scaled-e1612450302829.jpg\" \/>\n\t<meta property=\"og:image:width\" content=\"1200\" \/>\n\t<meta property=\"og:image:height\" content=\"1200\" \/>\n\t<meta property=\"og:image:type\" content=\"image\/jpeg\" \/>\n<meta name=\"twitter:card\" content=\"summary_large_image\" \/>\n<meta name=\"twitter:site\" content=\"@TPBelgium\" \/>\n<script type=\"application\/ld+json\" class=\"yoast-schema-graph\">{\"@context\":\"https:\/\/schema.org\",\"@graph\":[{\"@type\":\"WebPage\",\"@id\":\"https:\/\/shop.theophile-patachou.com\/nl\/product\/rieten-reiswieg-en-aankleding-met-franje\/\",\"url\":\"https:\/\/shop.theophile-patachou.com\/nl\/product\/rieten-reiswieg-en-aankleding-met-franje\/\",\"name\":\"Rieten Reiswieg en aankleding met franje - Th\u00e9ophile et Patachou\",\"isPartOf\":{\"@id\":\"https:\/\/shop.theophile-patachou.com\/nl\/#website\"},\"primaryImageOfPage\":{\"@id\":\"https:\/\/shop.theophile-patachou.com\/nl\/product\/rieten-reiswieg-en-aankleding-met-franje\/#primaryimage\"},\"image\":{\"@id\":\"https:\/\/shop.theophile-patachou.com\/nl\/product\/rieten-reiswieg-en-aankleding-met-franje\/#primaryimage\"},\"thumbnailUrl\":\"https:\/\/shop.theophile-patachou.com\/wp-content\/uploads\/2021\/02\/couffin_bebe_elegant_blanc_6-scaled-e1612450302829.jpg\",\"datePublished\":\"2021-02-04T14:56:08+00:00\",\"dateModified\":\"2023-02-21T19:12:23+00:00\",\"breadcrumb\":{\"@id\":\"https:\/\/shop.theophile-patachou.com\/nl\/product\/rieten-reiswieg-en-aankleding-met-franje\/#breadcrumb\"},\"inLanguage\":\"nl-NL\",\"potentialAction\":[{\"@type\":\"ReadAction\",\"target\":[\"https:\/\/shop.theophile-patachou.com\/nl\/product\/rieten-reiswieg-en-aankleding-met-franje\/\"]}]},{\"@type\":\"ImageObject\",\"inLanguage\":\"nl-NL\",\"@id\":\"https:\/\/shop.theophile-patachou.com\/nl\/product\/rieten-reiswieg-en-aankleding-met-franje\/#primaryimage\",\"url\":\"https:\/\/shop.theophile-patachou.com\/wp-content\/uploads\/2021\/02\/couffin_bebe_elegant_blanc_6-scaled-e1612450302829.jpg\",\"contentUrl\":\"https:\/\/shop.theophile-patachou.com\/wp-content\/uploads\/2021\/02\/couffin_bebe_elegant_blanc_6-scaled-e1612450302829.jpg\",\"width\":1200,\"height\":1200,\"caption\":\"couffin b\u00e9b\u00e9 osier et franges naturelles\"},{\"@type\":\"BreadcrumbList\",\"@id\":\"https:\/\/shop.theophile-patachou.com\/nl\/product\/rieten-reiswieg-en-aankleding-met-franje\/#breadcrumb\",\"itemListElement\":[{\"@type\":\"ListItem\",\"position\":1,\"name\":\"Accueil\",\"item\":\"https:\/\/shop.theophile-patachou.com\/nl\/\"},{\"@type\":\"ListItem\",\"position\":2,\"name\":\"Producten\",\"item\":\"https:\/\/shop.theophile-patachou.com\/nl\/shop\/\"},{\"@type\":\"ListItem\",\"position\":3,\"name\":\"Rieten Reiswieg en aankleding met franje\"}]},{\"@type\":\"WebSite\",\"@id\":\"https:\/\/shop.theophile-patachou.com\/nl\/#website\",\"url\":\"https:\/\/shop.theophile-patachou.com\/nl\/\",\"name\":\"Th\u00e9ophile et Patachou\",\"description\":\"Mobilier &amp; accessoires pour b\u00e9b\u00e9\",\"publisher\":{\"@id\":\"https:\/\/shop.theophile-patachou.com\/nl\/#organization\"},\"potentialAction\":[{\"@type\":\"SearchAction\",\"target\":{\"@type\":\"EntryPoint\",\"urlTemplate\":\"https:\/\/shop.theophile-patachou.com\/nl\/?s={search_term_string}\"},\"query-input\":{\"@type\":\"PropertyValueSpecification\",\"valueRequired\":true,\"valueName\":\"search_term_string\"}}],\"inLanguage\":\"nl-NL\"},{\"@type\":\"Organization\",\"@id\":\"https:\/\/shop.theophile-patachou.com\/nl\/#organization\",\"name\":\"Th\u00e9ophile & Patachou\",\"url\":\"https:\/\/shop.theophile-patachou.com\/nl\/\",\"logo\":{\"@type\":\"ImageObject\",\"inLanguage\":\"nl-NL\",\"@id\":\"https:\/\/shop.theophile-patachou.com\/nl\/#\/schema\/logo\/image\/\",\"url\":\"https:\/\/shop.theophile-patachou.com\/wp-content\/uploads\/2014\/12\/site-login-logo.png\",\"contentUrl\":\"https:\/\/shop.theophile-patachou.com\/wp-content\/uploads\/2014\/12\/site-login-logo.png\",\"width\":300,\"height\":150,\"caption\":\"Th\u00e9ophile & Patachou\"},\"image\":{\"@id\":\"https:\/\/shop.theophile-patachou.com\/nl\/#\/schema\/logo\/image\/\"},\"sameAs\":[\"https:\/\/www.facebook.com\/Th\u00e9ophile-Patachou-197829346970085\/\",\"https:\/\/x.com\/TPBelgium\",\"https:\/\/instagram.com\/theophile_patachou\/\",\"https:\/\/www.pinterest.com\/ThPat\/\"]}]}<\/script>\n<!-- \/ Yoast SEO plugin. -->","yoast_head_json":{"title":"Rieten Reiswieg en aankleding met franje - Th\u00e9ophile et Patachou","robots":{"index":"index","follow":"follow","max-snippet":"max-snippet:-1","max-image-preview":"max-image-preview:large","max-video-preview":"max-video-preview:-1"},"canonical":"https:\/\/shop.theophile-patachou.com\/nl\/product\/rieten-reiswieg-en-aankleding-met-franje\/","og_locale":"nl_NL","og_type":"article","og_title":"Rieten Reiswieg en aankleding met franje - Th\u00e9ophile et Patachou","og_description":"Rieten Reiswieg met aankleding gewafeld natuurlijke kleur franje, matras inbegrepen (Voetenzak en\u00a0hoeslaken niet inbegrepen) Dimension : 30 cm x 75 cm x 25 cm","og_url":"https:\/\/shop.theophile-patachou.com\/nl\/product\/rieten-reiswieg-en-aankleding-met-franje\/","og_site_name":"Th\u00e9ophile et Patachou","article_publisher":"https:\/\/www.facebook.com\/Th%c3%a9ophile-Patachou-197829346970085\/","article_modified_time":"2023-02-21T19:12:23+00:00","og_image":[{"width":1200,"height":1200,"url":"https:\/\/shop.theophile-patachou.com\/wp-content\/uploads\/2021\/02\/couffin_bebe_elegant_blanc_6-scaled-e1612450302829.jpg","type":"image\/jpeg"}],"twitter_card":"summary_large_image","twitter_site":"@TPBelgium","schema":{"@context":"https:\/\/schema.org","@graph":[{"@type":"WebPage","@id":"https:\/\/shop.theophile-patachou.com\/nl\/product\/rieten-reiswieg-en-aankleding-met-franje\/","url":"https:\/\/shop.theophile-patachou.com\/nl\/product\/rieten-reiswieg-en-aankleding-met-franje\/","name":"Rieten Reiswieg en aankleding met franje - Th\u00e9ophile et Patachou","isPartOf":{"@id":"https:\/\/shop.theophile-patachou.com\/nl\/#website"},"primaryImageOfPage":{"@id":"https:\/\/shop.theophile-patachou.com\/nl\/product\/rieten-reiswieg-en-aankleding-met-franje\/#primaryimage"},"image":{"@id":"https:\/\/shop.theophile-patachou.com\/nl\/product\/rieten-reiswieg-en-aankleding-met-franje\/#primaryimage"},"thumbnailUrl":"https:\/\/shop.theophile-patachou.com\/wp-content\/uploads\/2021\/02\/couffin_bebe_elegant_blanc_6-scaled-e1612450302829.jpg","datePublished":"2021-02-04T14:56:08+00:00","dateModified":"2023-02-21T19:12:23+00:00","breadcrumb":{"@id":"https:\/\/shop.theophile-patachou.com\/nl\/product\/rieten-reiswieg-en-aankleding-met-franje\/#breadcrumb"},"inLanguage":"nl-NL","potentialAction":[{"@type":"ReadAction","target":["https:\/\/shop.theophile-patachou.com\/nl\/product\/rieten-reiswieg-en-aankleding-met-franje\/"]}]},{"@type":"ImageObject","inLanguage":"nl-NL","@id":"https:\/\/shop.theophile-patachou.com\/nl\/product\/rieten-reiswieg-en-aankleding-met-franje\/#primaryimage","url":"https:\/\/shop.theophile-patachou.com\/wp-content\/uploads\/2021\/02\/couffin_bebe_elegant_blanc_6-scaled-e1612450302829.jpg","contentUrl":"https:\/\/shop.theophile-patachou.com\/wp-content\/uploads\/2021\/02\/couffin_bebe_elegant_blanc_6-scaled-e1612450302829.jpg","width":1200,"height":1200,"caption":"couffin b\u00e9b\u00e9 osier et franges naturelles"},{"@type":"BreadcrumbList","@id":"https:\/\/shop.theophile-patachou.com\/nl\/product\/rieten-reiswieg-en-aankleding-met-franje\/#breadcrumb","itemListElement":[{"@type":"ListItem","position":1,"name":"Accueil","item":"https:\/\/shop.theophile-patachou.com\/nl\/"},{"@type":"ListItem","position":2,"name":"Producten","item":"https:\/\/shop.theophile-patachou.com\/nl\/shop\/"},{"@type":"ListItem","position":3,"name":"Rieten Reiswieg en aankleding met franje"}]},{"@type":"WebSite","@id":"https:\/\/shop.theophile-patachou.com\/nl\/#website","url":"https:\/\/shop.theophile-patachou.com\/nl\/","name":"Th\u00e9ophile et Patachou","description":"Mobilier &amp; accessoires pour b\u00e9b\u00e9","publisher":{"@id":"https:\/\/shop.theophile-patachou.com\/nl\/#organization"},"potentialAction":[{"@type":"SearchAction","target":{"@type":"EntryPoint","urlTemplate":"https:\/\/shop.theophile-patachou.com\/nl\/?s={search_term_string}"},"query-input":{"@type":"PropertyValueSpecification","valueRequired":true,"valueName":"search_term_string"}}],"inLanguage":"nl-NL"},{"@type":"Organization","@id":"https:\/\/shop.theophile-patachou.com\/nl\/#organization","name":"Th\u00e9ophile & Patachou","url":"https:\/\/shop.theophile-patachou.com\/nl\/","logo":{"@type":"ImageObject","inLanguage":"nl-NL","@id":"https:\/\/shop.theophile-patachou.com\/nl\/#\/schema\/logo\/image\/","url":"https:\/\/shop.theophile-patachou.com\/wp-content\/uploads\/2014\/12\/site-login-logo.png","contentUrl":"https:\/\/shop.theophile-patachou.com\/wp-content\/uploads\/2014\/12\/site-login-logo.png","width":300,"height":150,"caption":"Th\u00e9ophile & Patachou"},"image":{"@id":"https:\/\/shop.theophile-patachou.com\/nl\/#\/schema\/logo\/image\/"},"sameAs":["https:\/\/www.facebook.com\/Th\u00e9ophile-Patachou-197829346970085\/","https:\/\/x.com\/TPBelgium","https:\/\/instagram.com\/theophile_patachou\/","https:\/\/www.pinterest.com\/ThPat\/"]}]}},"_links":{"self":[{"href":"https:\/\/shop.theophile-patachou.com\/nl\/wp-json\/wp\/v2\/product\/54749","targetHints":{"allow":["GET"]}}],"collection":[{"href":"https:\/\/shop.theophile-patachou.com\/nl\/wp-json\/wp\/v2\/product"}],"about":[{"href":"https:\/\/shop.theophile-patachou.com\/nl\/wp-json\/wp\/v2\/types\/product"}],"wp:featuredmedia":[{"embeddable":true,"href":"https:\/\/shop.theophile-patachou.com\/nl\/wp-json\/wp\/v2\/media\/54745"}],"wp:attachment":[{"href":"https:\/\/shop.theophile-patachou.com\/nl\/wp-json\/wp\/v2\/media?parent=54749"}],"wp:term":[{"taxonomy":"product_brand","embeddable":true,"href":"https:\/\/shop.theophile-patachou.com\/nl\/wp-json\/wp\/v2\/product_brand?post=54749"},{"taxonomy":"product_cat","embeddable":true,"href":"https:\/\/shop.theophile-patachou.com\/nl\/wp-json\/wp\/v2\/product_cat?post=54749"},{"taxonomy":"product_tag","embeddable":true,"href":"https:\/\/shop.theophile-patachou.com\/nl\/wp-json\/wp\/v2\/product_tag?post=54749"}],"curies":[{"name":"wp","href":"https:\/\/api.w.org\/{rel}","templated":true}]}}

<!-- This site is optimized with the Yoast SEO plugin v26.9 - https://yoast.com/product/yoast-seo-wordpress/ -->
<title>Rieten Reiswieg en aankleding met franje - Théophile et Patachou</title>
<meta name="robots" content="index, follow, max-snippet:-1, max-image-preview:large, max-video-preview:-1" />
<link rel="canonical" href="https://shop.theophile-patachou.com/nl/product/rieten-reiswieg-en-aankleding-met-franje/" />
<meta property="og:locale" content="nl_NL" />
<meta property="og:type" content="article" />
<meta property="og:title" content="Rieten Reiswieg en aankleding met franje - Théophile et Patachou" />
<meta property="og:description" content="Rieten Reiswieg met aankleding gewafeld natuurlijke kleur franje, matras inbegrepen (Voetenzak en hoeslaken niet inbegrepen) Dimension : 30 cm x 75 cm x 25 cm" />
<meta property="og:url" content="https://shop.theophile-patachou.com/nl/product/rieten-reiswieg-en-aankleding-met-franje/" />
<meta property="og:site_name" content="Théophile et Patachou" />
<meta property="article:publisher" content="https://www.facebook.com/Th%c3%a9ophile-Patachou-197829346970085/" />
<meta property="article:modified_time" content="2023-02-21T19:12:23+00:00" />
<meta property="og:image" content="https://shop.theophile-patachou.com/wp-content/uploads/2021/02/couffin_bebe_elegant_blanc_6-scaled-e1612450302829.jpg" />
	<meta property="og:image:width" content="1200" />
	<meta property="og:image:height" content="1200" />
	<meta property="og:image:type" content="image/jpeg" />
<meta name="twitter:card" content="summary_large_image" />
<meta name="twitter:site" content="@TPBelgium" />
<script type="application/ld+json" class="yoast-schema-graph">{"@context":"https://schema.org","@graph":[{"@type":"WebPage","@id":"https://shop.theophile-patachou.com/nl/product/rieten-reiswieg-en-aankleding-met-franje/","url":"https://shop.theophile-patachou.com/nl/product/rieten-reiswieg-en-aankleding-met-franje/","name":"Rieten Reiswieg en aankleding met franje - Théophile et Patachou","isPartOf":{"@id":"https://shop.theophile-patachou.com/nl/#website"},"primaryImageOfPage":{"@id":"https://shop.theophile-patachou.com/nl/product/rieten-reiswieg-en-aankleding-met-franje/#primaryimage"},"image":{"@id":"https://shop.theophile-patachou.com/nl/product/rieten-reiswieg-en-aankleding-met-franje/#primaryimage"},"thumbnailUrl":"https://shop.theophile-patachou.com/wp-content/uploads/2021/02/couffin_bebe_elegant_blanc_6-scaled-e1612450302829.jpg","datePublished":"2021-02-04T14:56:08+00:00","dateModified":"2023-02-21T19:12:23+00:00","breadcrumb":{"@id":"https://shop.theophile-patachou.com/nl/product/rieten-reiswieg-en-aankleding-met-franje/#breadcrumb"},"inLanguage":"nl-NL","potentialAction":[{"@type":"ReadAction","target":["https://shop.theophile-patachou.com/nl/product/rieten-reiswieg-en-aankleding-met-franje/"]}]},{"@type":"ImageObject","inLanguage":"nl-NL","@id":"https://shop.theophile-patachou.com/nl/product/rieten-reiswieg-en-aankleding-met-franje/#primaryimage","url":"https://shop.theophile-patachou.com/wp-content/uploads/2021/02/couffin_bebe_elegant_blanc_6-scaled-e1612450302829.jpg","contentUrl":"https://shop.theophile-patachou.com/wp-content/uploads/2021/02/couffin_bebe_elegant_blanc_6-scaled-e1612450302829.jpg","width":1200,"height":1200,"caption":"couffin bébé osier et franges naturelles"},{"@type":"BreadcrumbList","@id":"https://shop.theophile-patachou.com/nl/product/rieten-reiswieg-en-aankleding-met-franje/#breadcrumb","itemListElement":[{"@type":"ListItem","position":1,"name":"Accueil","item":"https://shop.theophile-patachou.com/nl/"},{"@type":"ListItem","position":2,"name":"Producten","item":"https://shop.theophile-patachou.com/nl/shop/"},{"@type":"ListItem","position":3,"name":"Rieten Reiswieg en aankleding met franje"}]},{"@type":"WebSite","@id":"https://shop.theophile-patachou.com/nl/#website","url":"https://shop.theophile-patachou.com/nl/","name":"Théophile et Patachou","description":"Mobilier &amp; accessoires pour bébé","publisher":{"@id":"https://shop.theophile-patachou.com/nl/#organization"},"potentialAction":[{"@type":"SearchAction","target":{"@type":"EntryPoint","urlTemplate":"https://shop.theophile-patachou.com/nl/?s={search_term_string}"},"query-input":{"@type":"PropertyValueSpecification","valueRequired":true,"valueName":"search_term_string"}}],"inLanguage":"nl-NL"},{"@type":"Organization","@id":"https://shop.theophile-patachou.com/nl/#organization","name":"Théophile & Patachou","url":"https://shop.theophile-patachou.com/nl/","logo":{"@type":"ImageObject","inLanguage":"nl-NL","@id":"https://shop.theophile-patachou.com/nl/#/schema/logo/image/","url":"https://shop.theophile-patachou.com/wp-content/uploads/2014/12/site-login-logo.png","contentUrl":"https://shop.theophile-patachou.com/wp-content/uploads/2014/12/site-login-logo.png","width":300,"height":150,"caption":"Théophile & Patachou"},"image":{"@id":"https://shop.theophile-patachou.com/nl/#/schema/logo/image/"},"sameAs":["https://www.facebook.com/Théophile-Patachou-197829346970085/","https://x.com/TPBelgium","https://instagram.com/theophile_patachou/","https://www.pinterest.com/ThPat/"]}]}</script>
<!-- / Yoast SEO plugin. -->

Rieten Reiswieg en aankleding met franje - Théophile et Patachou

Théophile et Patachou

couffin bébé osier et franges naturelles

Mobilier &amp; accessoires pour bébé

Théophile & Patachou

https://www.facebook.com/Théophile-Patachou-197829346970085/
